 is -12 - 11?
-23
In base 14, what is b6 + 0?
b6
In base 4, what is -3220 + -122?
-10002
In base 13, what is -1 - -c4?
c3
In base 12, what is 181 + -1?
180
In base 12, what is 2 - -491?
493
In base 7, what is 2 - -54?
56
In base 13, what is -167 - 3?
-16a
In base 6, what is -220 + -240?
-500
In base 9, what is 0 - 218?
-218
In base 16, what is 3 + -c?
-9
In base 14, what is da + -1?
d9
In base 5, what is 330 - -2?
332
In base 6, what is 2122 - -5?
2131
In base 3, what is 100 - 220?
-120
In base 13, what is b + 9c3?
a01
In base 5, what is -4 + 331?
322
In base 4, what is -32113 - 2?
-32121
In base 14, what is 5 + 13?
18
In base 13, what is 2 - -26?
28
In base 7, what is -1 - -3231?
3230
In base 11, what is -4 - -27a?
276
In base 13, what is 2748 + 5?
2750
In base 12, what is -599 - 7?
-5a4
In base 10, what is -26 + -103?
-129
In base 9, what is 0 + 1240?
1240
In base 16, what is 54 - -50?
a4
In base 2, what is 1 + 110111000?
110111001
In base 10, what is -10 - -26?
16
In base 9, what is -2005 + 0?
-2005
In base 2, what is 11 + -1011010111?
-1011010100
In base 8, what is -220 - 0?
-220
In base 13, what is 3c - -20?
5c
In base 12, what is 4b - 4?
47
In base 14, what is -c0 + -3?
-c3
In base 12, what is 396 - -3?
399
In base 4, what is -31123 - -10?
-31113
In base 4, what is 230 - 0?
230
In base 9, what is 1 + 415?
416
In base 9, what is -103 + 40?
-53
In base 7, what is -34625 - 3?
-34631
In base 5, what is -1 - -21041?
21040
In base 12, what is -4248 - -5?
-4243
In base 9, what is -21 + -37?
-58
In base 4, what is 20221 - 1?
20220
In base 14, what is -b5 - 8?
-bd
In base 10, what is -4113 - 6?
-4119
In base 13, what is -19 - -bc?
a3
In base 12, what is -7 + 15?
a
In base 10, what is -133 - 5?
-138
In base 8, what is 4 + -1266?
-1262
In base 13, what is -14 + c?
-5
In base 3, what is 12 - 1021?
-1002
In base 13, what is -2 + 5b?
59
In base 15, what is -a - 11?
-1b
In base 6, what is 53 + -5?
44
In base 11, what is 5139 + 2?
5140
In base 8, what is -7 - 1?
-10
In base 12, what is -3 + 4b?
48
In base 4, what is 123 + 1013?
1202
In base 11, what is -143 - 3?
-146
In base 4, what is 1 - 22320?
-22313
In base 14, what is -11 + -23d?
-250
In base 10, what is -4 + 55?
51
In base 12, what is 2 + 11b0?
11b2
In base 10, what is -5 - -19?
14
In base 6, what is -114 + -3?
-121
In base 14, what is -5 + 43?
3c
In base 16, what is -5 + 238?
233
In base 12, what is 2 - 101?
-bb
In base 6, what is 4 + 15330?
15334
In base 5, what is 2132 + 3?
2140
In base 12, what is 4 - 63?
-5b
In base 2, what is 11001100 - 111?
11000101
In base 16, what is 4 + -a?
-6
In base 4, what is 201 + 32?
233
In base 2, what is -1010001000001 - -100?
-1010000111101
In base 8, what is -1 + 242?
241
In base 5, what is 14032 - 4?
14023
In base 6, what is -43124 + -5?
-43133
In base 11, what is 647 + -26?
621
In base 15, what is 667 - -3?
66a
In base 12, what is -33 - -44?
11
In base 11, what is 3 + 32?
35
In base 3, what is -21 + 1110200?
1110102
In base 6, what is -301 - -2?
-255
In base 4, what is -3331 + 2?
-3323
In base 10, what is -40 + -7?
-47
In base 3, what is 1 + 2222210?
2222211
In base 2, what is -11001010100101 + 11?
-11001010100010
In base 14, what is -2c56 - 4?
-2c5a
In base 14, what is 2b + 31?
5c
In base 15, what is 2 + -b?
-9
In base 9, what is 11 + -1447?
-1436
In base 15, what is 1 - -ce?
d0
In base 6, what is 2 + -1243?
-1241
In base 14, what is -1 - 58?
-59
In base 16, what is 374 - 7?
36d
In base 5, what is -142 - -11?
-131
In base 13, what is -3 - 1b5?
-1b8
In base 8, what is 3 + 46?
51
In base 10, what is -26 + -431?
-457
In base 16, what is 40 + 4?
44
In base 13, what is 76 + -c?
67
In base 2, what is -111110010 - -11?
-111101111
In base 2, what is 0 - -101000010?
101000010
In base 9, what is 20 + 236?
256
In base 12, what is 3 - -118?
11b
In base 3, what is 222 - 10211?
-2212
In base 11, what is -589 - 7?
-595
In base 5, what is -1412 + 0?
-1412
In base 12, what is -b294 + -2?
-b296
In base 4, what is 23 - -112?
201
In base 9, what is -228 + -2?
-231
In base 10, what is 2876 - -5?
2881
In base 6, what is 10551 + 10?
11001
In base 2, what is 10001 - -1000110101?
1001000110
In base 9, what is 0 - 6?
-6
In base 14, what is -163 + 4?
-15d
In base 7, what is 23266 + -5?
23261
In base 6, what is 3 + 550?
553
In base 11, what is 0 + -56a?
-56a
In base 15, what is -1d + 125?
107
In base 11, what is 40 + -8?
33
In base 7, what is 12130 + 4?
12134
In base 11, what is -1 - 2a?
-30
In base 12, what is -9 + 44?
37
In base 7, what is -452 + -5?
-460
In base 5, what is -10 - -403?
343
In base 11, what is 5 + 100?
105
In base 15, what is -3 - 75?
-78
In base 4, what is -230123 + -10?
-230133
In base 4, what is 101 - 3001?
-2300
In base 6, what is -401 - -3?
-354
In base 12, what is -5 - -13a?
135
In base 13, what is -2 + 35?
33
In base 16, what is 7 - -2?
9
In base 9, what is -13 + -36?
-50
In base 7, what is 3 - -32?
35
In base 4, what is 21021 + 10?
21031
In base 12, what is 1675 - -2?
1677
In base 5, what is -10 + -21?
-31
In base 13, what is 73 - -2?
75
In base 12, what is a + -5?
5
In base 12, what is -2 + b7?
b5
In base 3, what is 1201 + -10?
1121
In base 13, what is -40 - -12?
-2b
In base 9, what is -36 - -42?
5
In base 5, what is 201403 - 4?
201344
In base 11, what is 232 + 11?
243
In base 8, what is -3 - 2117?
-2122
In base 6, what is 3 - -25?
32
In base 16, what is 2 - -2?
4
In base 2, what is 0 + -101011000?
-101011000
In base 11, what is -336 + 12?
-324
In base 10, what is -294 - -12?
-282
In base 16, what is 2 + 2d?
2f
In base 15, what is -68 - -8?
-60
In base 4, what is -1 - -1?
0
In base 11, what is -2 + -617?
-619
In base 4, what is -1 + -32111?
-32112
In base 13, what is 0 - -186?
186
In base 12, what is 23b - -9?
248
In base 5, what is -12 + -14100?
-14112
In base 12, what is -2 - 876?
-878
In base 11, what is -412 + 2?
-410
In base 11, what is 10 - 1?
a
In base 15, what is -5 - -18?
13
In base 13, what is 47 - 2?
45
In base 8, what is 371 - -5?
376
In base 5, what is -22 - 1?
-23
In base 3, what is -20121111 - -12?
-20121022
In base 4, what is 10212 - -10?
10222
In base 3, what is 102 + -20112?
-20010
In base 2, what is -100 - 10101111101?
-10110000001
In base 14, what is -2 - 267?
-269
In base 8, what is 4 - 66?
-62
In base 12, what is -29b + -4?
-2a3
In base 16, what is 2 - 23f?
-23d
In base 4, what is 31 - 120?
-23
In base 9, what is -2 - -27?
25
In base 12, what is 4b - -12?
61
In base 11, what is -222 - -115?
-108
In base 10, what is -72 - -4?
-68
In base 9, what is -5 + 4370?
4364
In base 10, what is 1 + 258?
259
In base 8, what is -44 - -207?
143
In base 13, what is 3 + a0?
a3
In base 8, what is -1 - -47?
46
In base 15, what is -4d - -3?
-4a
In base 11, what is a89 - 0?
a89
In base 9, what is 4 - -275?
280
In base 10, what is -8 - -83?
75
In base 12, what is 4 + -51?
-49
In base 13, what is 0 - 9?
-9
In base 10, what is 3 + -2302?
-2299
In base 15, what is -8 - 14?
-1c
In base 7, what is 5 + -120?
-112
In base 7, what is -3 + -44?
-50
In base 10, what is -498 - -3?
-495
In base 5, what is -22014 + -3?
-22022
In base 6, what is -10123 - -5?
-10114
In base 10, what is 45 - -74?
119
In base 15, what is 50 + 2b?
7b
In base 15, what is -19 + -22a?
-244
In base 15, what is -1 - 51?
-52
In base 3, what is 10 - -111211?
111221
In base 5, what is -22442 + -14?
-23011
In base 3, what is -22 - 1200?
-1222
In base 3, what is -12201 - 21?
-12222
In base 13, what is 1 + -297?
-296
In base 8, what is -1047 - -5?
-1042
In base 12, what is -2 - 25?
-27
In base 5, what is 0 + 2014?
2014
In base 8, what is -10 + -1165?
-1175
In base 10, what is 1477 + -13?
1464
In base 16, what is 3e9 - 7?
3e2
In base 8, what is 101 + 20?
121
In base 15, what is -6 + a02?
9eb
In base 4, what is 1 + -3311?
-3310
In base 9, what is 20 - 17?
2
In base 5, what is 4 - -10134?
10143
In base 2, what is 100000 - 100110?
-110
In base 11, what is -8 - 45?
-52
In base 13, what is 8a + 2?
8c
In base 8, what is 2 + -263?
-261
In base 7, what is 1 - 142?
-141
In base 14, what is 0 + 63?
63
In base 2, what is 1 + -10101?
-10100
In base 14, what is -1 - c?
-d
In base 12, what is 4 + -8?
-4
In base 12, what is 5 - -255?
25a
In base 5, what is 332113 - 1?
332112
In base 9, what is 1 + 350?
351
In base 1